+ o. What is the greatest common divisor of h and 6?
6
Let h(t) be the second derivative of t**3/3 - t. Let a be h(1). Let x = 1 + a. What is the greatest common factor of x and 9?
3
Suppose 2*j = 4*j - 84. What is the greatest common divisor of j and 6?
6
Let f(i) = 4*i + 15. Let t be f(2). Calculate the highest common factor of 253 and t.
23
Let t = 38 + -29. What is the highest common divisor of t and 63?
9
Suppose 0 = -5*h + 29 + 16. Calculate the greatest common divisor of 99 and h.
9
Suppose -21 = -f - 2*f. Let r = 15 + f. Calculate the greatest common factor of 33 and r.
11
Let r(m) be the first derivative of -m**4/4 - 3*m**3 - m**2 - 3*m - 1. Let x be r(-9). Suppose 4*v = 5*v - x. Calculate the highest common factor of 45 and v.
15
Suppose 4*v - 65 = -v. Let c = 4 - 2. Suppose -4*b = 3*k - 66, k + c*b + 136 = 6*k. Calculate the highest common divisor of k and v.
13
Let j = 199 - 34. What is the greatest common divisor of j and 15?
15
Suppose 2*f - 71 = -15. What is the greatest common divisor of 4 and f?
4
Let j be (44/6)/(4/6). Let v be 46/j + 4/(-22). Suppose -3*r + v = -23. Calculate the greatest common divisor of r and 36.
9
Let u be (-1 + (-9)/3)/(-1). What is the highest common divisor of 8 and u?
4
Let b be 4*(-3 - -2)*-1. Let t = 8 - b. Calculate the greatest common factor of t and 20.
4
Let a = 3 + 0. Suppose 0 = -4*o + a*z + 1, o + 0*z = -z - 5. Let y be (o - (-9)/3) + 0. Calculate the highest common divisor of 9 and y.
1
Let i = 5 + 23. Calculate the greatest common divisor of i and 42.
14
Suppose 0 = 19*q - 7*q - 120. Let g be ((2 - 4) + 7)*1. What is the greatest common divisor of q and g?
5
Suppose 6*a - 21 = -a. What is the greatest common factor of a and 4?
1
Let g be (-864)/(-9) + (-1 - -4). Calculate the highest common divisor of 11 and g.
11
Let l(p) = p + 7. Let i be l(17). What is the greatest common divisor of i and 8?
8
Let f = -54 - -82. What is the highest common divisor of f and 168?
28
Let b = -7 + 9. Suppose -b*v = -22 - 8. Calculate the greatest common factor of v and 45.
15
Let q(p) = -p**3 + 14*p**2 + 2*p + 3. Let n be q(14). What is the greatest common divisor of n and 279?
31
Let v be (-2)/(-1) - (-37 - -2). Let l be v/2 - (-6)/4. What is the highest common factor of 5 and l?
5
Let h be (-20)/(-30)*(0 - -33). Calculate the highest common factor of h and 154.
22
Suppose 8*n = 4*n. Let d = n - -12. What is the greatest common factor of d and 12?
12
Let y be (-12)/(-2)*140/30. Calculate the highest common divisor of y and 70.
14
Suppose -7*s + 340 = -1326. What is the greatest common divisor of s and 34?
34
Suppose 5 = g + 2. Suppose -1 = -g*b + 134. Calculate the greatest common factor of 30 and b.
15
Let g be (21/14)/(3/24). What is the highest common divisor of g and 48?
12
Let w be (-10)/(-3)*(-96)/(-5). Let v = 3 - -5. What is the highest common factor of w and v?
8
Let m = 0 + 19. Suppose -2*w - 9 = -m. What is the greatest common factor of w and 25?
5
Suppose -5*q - z - 50 = -231, -3*z - 69 = -2*q. What is the highest common divisor of q and 252?
36
Suppose 2*b + 6 = -0*b. Let x be -2 - b/3 - -1. Suppose x*w = w - 44. Calculate the greatest common divisor of w and 11.
11
Let q be (6/(-4))/(1/(-2)). Suppose 2*w + 3 = q*w. Suppose -w*i + 9 = 3*z, -5*i + 4*z + z = 5. Calculate the greatest common factor of 7 and i.
1
Let s be 1 - -45 - (6 - 5). Suppose 0 = -5*w + s - 5. What is the greatest common divisor of w and 4?
4
Let h(u) = -u - 6. Let t be h(-5). Let m be (27 - 1) + 0/t. Calculate the greatest common divisor of m and 13.
13
Let m(j) = -540*j**3 - j**2 - j. Let p be m(-1). Suppose 8*h = 3*h + p. Calculate the greatest common factor of h and 12.
12
Suppose -13 = p + 4. Let l = p + 41. Let d = 75 + -67. Calculate the highest common divisor of l and d.
8
Let t = -26 - -51. What is the highest common factor of t and 275?
25
Suppose -25 = -5*q, 5*s - 29 - 16 = -3*q. Calculate the greatest common divisor of s and 66.
6
Suppose 38 = 2*d - 28. Let t(b) = -b**2 + 22. Let k be t(0). What is the greatest common factor of d and k?
11
Let j = -23 - -24. Calculate the highest common factor of 5 and j.
1
Let c(g) = 11*g + 5. Let k be c(5). Suppose 0*p = 2*p - k. What is the highest common divisor of p and 75?
15
Let z(a) = a**2 + a + 3. Let d be z(-2). Calculate the greatest common divisor of 55 and d.
5
Let l(n) = n**2 - 13*n + 21. Let p be l(9). Let c be (-216)/p - 12/30. What is the highest common factor of 98 and c?
14
Let l be -1*(0 + 5)/(-1). Let c = l - -2. Let u = -133 + 210. What is the greatest common factor of u and c?
7
Suppose 3*f - 25 - 89 = 0. Suppose 3*u = w - 36, 4*u - 4*w = -10 - f. Let q = u + 33. What is the greatest common factor of 84 and q?
21
Suppose 5*v - 15 = -0. Calculate the greatest common divisor of v and 3.
3
Suppose 2*k - 20 = -2*k. Let y(o) = o**2 + 4*o + 4. Let t be y(k). Let z be 2 - 4 - (1 - 10). What is the highest common divisor of t and z?
7
Suppose -2*r + w - 2*w = -24, 4*w = r - 12. Let c be ((-8)/(-10))/(r/30). Calculate the highest common factor of c and 8.
2
Suppose y + y + 5*z - 41 = 0, 4*z = -3*y + 65. Calculate the highest common divisor of y and 46.
23
Let v be (6 + 2)/((-2)/(-5)). Suppose 5*o - 2*f = 1 + 1, 2*o + 5*f = 24. What is the highest common factor of o and v?
2
Let w = -95 + 103. What is the greatest common factor of w and 12?
4
Suppose 0 = -18*d + 9*d + 261. Calculate the highest common divisor of 203 and d.
29
Suppose -3*b + 105 = 5*d + 2*b, 3*b + 70 = 4*d. What is the greatest common factor of d and 171?
19
Let u = 360 - 234. Suppose -28 = 5*j - 118. Calculate the highest common factor of j and u.
18
Suppose 3 - 4 = -f. Let j(a) = -a**3 + 4*a**2 - 4*a + 3. Let r be j(3). Suppose r = 7*h - 2*h - 55. Calculate the greatest common factor of f and h.
1
Suppose 3*x + 5*v + 21 = 121, -150 = -5*x - 5*v. Let g = 16 - 11. Calculate the highest common divisor of x and g.
5
Let t(b) = -b**2 - 9*b - 7. Let d be t(-6). Calculate the highest common divisor of d and 44.
11
Let a(j) = -j**2 - 2*j + 8. Let n be a(-6). Let q = n + 5. Let o = q - -15. What is the greatest common factor of o and 28?
4
Suppose -29 - 1 = -u. What is the greatest common divisor of 20 and u?
10
Let l(w) = -27*w - 2. Let u be l(-2). Suppose u = -4*x + 176. What is the greatest common divisor of 124 and x?
31
Suppose -6 = -t - 2*t. Let q(f) = 0*f - 3*f - 2*f - t*f**2 + f**2 + 3. Let p be q(-4). What is the highest common divisor of 70 and p?
7
Let q be ((-7)/8)/(-1) - 3/(-24). Calculate the highest common factor of 11 and q.
1
Let p be 30/(-45)*93/(-2). Calculate the greatest common factor of p and 155.
31
Let m = -79 - -105. What is the greatest common divisor of 65 and m?
13
Suppose -1 + 85 = 7*p. What is the highest common factor of 228 and p?
12
Let v = -3 + 16. Let o be (-15)/(-25) + 62/5. Calculate the greatest common factor of o and v.
13
Let a be 4 - (2 - 78/3). What is the highest common divisor of 28 and a?
28
Let h = -147 + -66. Let p = h + 330. Suppose 5*g - p = 4*o, 0 = -2*g - 0*o + 5*o + 57. Calculate the highest common divisor of 7 and g.
7
Let p = -5 + 4. Let k = p - -4. Suppose k*v = 3*u + 2*u + 58, -5*v + 103 = -2*u. Calculate the highest common divisor of v and 21.
21
Suppose 0 = -f + 3*f - 4. Suppose 9 = f*t + t. Suppose -p + t*p = 12. What is the highest common divisor of 24 and p?
6
Let y(u) = u. Let h be y(4). Let c be 1*-1 - (-63 - 0). Let z = c + -18. Calculate the highest common factor of z and h.
4
Let x(l) = l**3 + 12*l**2 + 11*l + 7. Let w be x(-8). Calculate the highest common factor of w and 70.
35
Let n be -1 + (-1 - -2) + 822. Let p be 20/(-15) - n/(-9). Calculate the highest common factor of p and 36.
18
Let s = 123 + -13. Let n be ((-4)/3)/((-3)/(135/6)). Calculate the highest common divisor of s and n.
10
Let b be 0 - 1*(-4)/4. Let y be (b/(-1))/(3/(-9)). Calculate the greatest common divisor of 24 and y.
3
Let h(d) = -d**2 - 9*d - 7. Let w be h(-8). Suppose 26 = 3*m + 2. What is the highest common divisor of m and w?
1
Suppose -4*i = -5 + 1. Suppose -4*o + 2*o + 2 = 0. Let h be 3/(-1 - o*-2). Calculate the highest common factor of i and h.
1
Let c = -4 - -19. Suppose -2*g - 1515 = -5*w + 3*g, 905 = 3*w - g. Suppose 0 = -3*p - 76 + w. What is the highes